96. Suppose -3*q - 2*q - 2*a = -62, 5*q - l = 3*a. What is the tens digit of q?
1
Let f(s) = 29*s**3 + s**2 - s + 1. What is the tens digit of f(1)?
3
What is the units digit of 1*-2*1 + (-6 - -75)?
7
Let f be (-5)/(-20) + (-274)/8. Let j = f - -58. What is the units digit of j?
4
Suppose -c + 5*o = -26, 5*c - 1 = -2*o + 21. Suppose 0 = -2*g + c. What is the units digit of g?
3
Let p(u) = -2 + u**2 - 4*u + 0 + 0*u**2. Let h be p(5). Suppose m + 5 + 5 = 2*k, 0 = -5*k + h*m + 27. What is the units digit of k?
3
Let q(f) = -f**2 + 10*f - 4. Let v be q(7). Suppose -2*s + 0 - v = -3*w, s - 30 = -4*w. What is the units digit of w?
7
Let k = 1 + 2. Suppose n = -3*c + 4, -2*n - k*n = -c - 4. What is the units digit of n?
1
Suppose -a = -0*a - 3. Suppose 0 = b - a - 22. What is the tens digit of b?
2
What is the units digit of 3/(-3)*2 - -17?
5
Let w = 88 + -36. What is the tens digit of w?
5
Suppose -5*d + 74 = 14. Suppose 4*k - d = 2*r, 4*r + 4 = k + 3*k. What is the units digit of r?
4
Let p be 1 - (-19 + 2)*1. Suppose -2*t + 0*t = -p. What is the units digit of t?
9
Let b = -7 + 9. Suppose 5*h - 6 = -4*u + 11, b*h = 2. Suppose -a = -u*p, 7*p = -3*a + 2*p + 28. What is the units digit of a?
6
Let f(g) = g**2 - 2*g - 9. What is the units digit of f(-6)?
9
Let r(g) = -g**2 - 17*g + 4. What is the tens digit of r(-8)?
7
Suppose -11 = 4*g + 3*q, -q = -5*g - 0*q + 10. Let n be 0/g - (1 + -3). Suppose m + n*c - 25 + 8 = 0, 0 = 5*m + 2*c - 45. What is the units digit of m?
7
Suppose -3*a - a + 117 = 3*w, a - 2*w = 32. What is the tens digit of a?
3
Suppose 4*c = p + 40, -2*c - 3*p - 43 = -7*c. What is the tens digit of c?
1
Let i(p) = 4*p**3. Let t be i(1). Suppose t*w - 76 = -0*w. What is the tens digit of w?
1
What is the tens digit of (1 + 0)/(5/465)?
9
Let w = 59 - 27. Suppose -4 - w = -3*v. What is the tens digit of v?
1
Suppose p + 3*c = 161, 0 = p + 4*c - 157 - 2. What is the tens digit of p?
6
What is the units digit of 6/(-6 + 3) + 105?
3
Suppose -5*w - h - 2*h = -29, 3*w - 2*h = 6. What is the tens digit of (-1)/(w/(-12)) + 14?
1
Let l be 6/21*(6 - -1). Suppose 15 = l*m + 3*m. Suppose 0 = m*w - 8*w + 15. What is the units digit of w?
3
Suppose 3*w = -4*n + 43, 4 = n - w - 12. What is the tens digit of n?
1
Suppose 6*f + 37 = 7*f. What is the tens digit of f?
3
What is the tens digit of (9/2)/1*506/33?
6
Suppose -62 = -4*g + 134. Suppose 3*w - g = -16. What is the tens digit of w?
1
Let l = 96 + -51. What is the units digit of l?
5
Let l = 6 + -5. Let h = l + 2. What is the units digit of h?
3
Suppose 5*v - 6 = -3*s + 4*s, 4*s + 4*v - 48 = 0. What is the units digit of s?
9
Let h(d) = -d**2 + 18*d + 40. What is the tens digit of h(17)?
5
Suppose -p - 2*o - 5 = -3*o, -p - 5*o + 13 = 0. Let g(b) = 2*b**3 + 2*b + 3. Let w be g(p). Let z = 30 + w. What is the units digit of z?
3
Let y(u) = u**2 - 7*u - 9. Let o(d) = -3*d - 13. Let v be o(-8). What is the units digit of y(v)?
5
Let b(g) = g**3 - 5*g + 5. Let l(o) = -4*o + 4. Let z(f) = -4*b(f) + 5*l(f). What is the tens digit of z(-2)?
3
Let o(p) = 2*p**2 - 3*p + 11. What is the units digit of o(-5)?
6
Let n(g) = 23*g**3 + 3 - 3 - 1 + 13*g**3. What is the tens digit of n(1)?
3
Suppose 5*x - 4 = 6. Suppose -x = 4*q - 6. Let n = q - 0. What is the units digit of n?
1
Let l be (24/42)/((-4)/(-14)). Let r = -4 - l. Let i = -2 - r. What is the units digit of i?
4
Let r(i) = i + 2. Let a be r(0). Suppose -5*u - 57 = -a*g, -7*g = -2*g + u - 210. Suppose -j + 5*b - 7 = -g, j + 2*b = 6. What is the units digit of j?
4
Suppose 0 = -4*v - 5*j + 15, 5*j = 4*v + 15 - 40. Suppose 2*o = -v + 13. Suppose 8*b = -u + 3*b + 19, o*u - 31 = -5*b. What is the units digit of u?
4
Suppose 3*d - 8*d + 10 = 0. Suppose 0 = -u - d*u + 36. What is the units digit of u?
2
Suppose 91 + 33 = 3*y + 5*u, 3*y - 104 = 5*u. What is the units digit of y?
8
Suppose -6 = -n + 2*n + 4*k, -10 = 3*n + 4*k. Let b = n + 11. Let v = 4 + b. What is the tens digit of v?
1
Let c = 173 + 61. What is the hundreds digit of c?
2
Let w = 1 - -7. Let z = w + -8. Suppose z = -5*u - 2*n + 93, -13 = -3*n - 1. What is the tens digit of u?
1
Let v(x) = -x**3 - 3*x**2 + 2*x + 1. Let g be v(-3). Let y(f) = -f**3 - 3*f**2 + 4*f + 2. What is the units digit of y(g)?
2
Suppose -4*d = v + 11, -4*d + 3*v - 23 = -8. Let n(s) be the third derivative of s**6/120 + s**5/15 + s**4/24 + s**3/6 - s**2. What is the units digit of n(d)?
7
Suppose 0 = 2*d - 3*g + 91 - 388, -4*d - 5*g = -605. What is the tens digit of d?
5
Let u be (-1)/((-4)/212*1). Let t = u - 26. What is the tens digit of t?
2
Let i(l) = 10*l**2 - l. Let q be i(1). Suppose t - q = 2. Let d = t + -1. What is the tens digit of d?
1
Suppose -5 + 1 = 2*p - 2*f, -2*f = -10. Suppose b - 3 = p*c, -2*c + 5*c + 3*b + 3 = 0. What is the units digit of 1 + -3 + (4 - c)?
3
Suppose 0 = 10*m + 5 - 45. What is the units digit of m?
4
Let p(u) = -u**3 - u**2 - u - 2. Let z be p(-2). What is the units digit of (-1 + z)*(1 - -2)?
9
Suppose -6 = -3*j + 2*h, 3*h + 7 - 3 = 2*j. Let q = j - -3. What is the units digit of q?
5
Suppose -56 = 5*u - 2*x, -2*u + 6*u = 2*x - 44. Let z = -10 - u. What is the units digit of z?
2
Let w(b) = -21*b - 6. What is the hundreds digit of w(-14)?
2
Let p(w) = 11*w - 2. Let t be p(2). Suppose -5*u = 2*d - t, 0 = -3*u + 2*u + 4*d + 4. What is the units digit of u?
4
Let g be (-1 - (3 + -1)) + 2. What is the units digit of 13 + (-1 - g)/(-1)?
3
Let c(f) be the first derivative of -13/2*f**2 + f + 1. What is the tens digit of c(-1)?
1
Let b = 17 + -7. Suppose 3*w + 9 = -6. Let c = b + w. What is the units digit of c?
5
Suppose -5*t = 2*c - 240, 4*c - 5*t = -5 + 425. What is the units digit of c?
0
Suppose -4*z - 120 = -5*l, -l + 2*z + 30 = -0*z. Suppose -4*y = -9*y + l. What is the units digit of y?
4
Suppose -k = -2*u + 37, -3*k + 24 = 2*u - 9. What is the tens digit of u?
1
Let u(l) = -l**3 - 2*l**2 - 3. Let x be ((-2)/(-6))/((-4)/36). What is the units digit of u(x)?
6
What is the units digit of (1 + (-3)/(-3))*13*2?
2
Let r(m) = -m + 4. Let b be r(11). Let k = -2 - b. What is the units digit of k?
5
Let x be (16/10 + -2)*-10. Suppose 0 = x*k + t - 6 - 0, 5 = -5*k + 5*t. Let j = k + 1. What is the units digit of j?
2
Suppose o + 10 = 3*j - 0*j, -30 = -4*j - 2*o. Suppose 0 = -0*s + j*s - 20. What is the units digit of s?
4
Let l(w) = -2*w + 4. Let p = -15 - -11. What is the tens digit of l(p)?
1
Let n(c) = -4 + 0*c**3 + 4 - 2*c**3 - 6*c**2. What is the units digit of n(-4)?
2
Let d = -23 - -13. Let z = d + 14. Let c(m) = m**2 - m - 4. What is the units digit of c(z)?
8
Let f = 18 - 11. Suppose -3 = d + 2. Let w = f - d. What is the units digit of w?
2
Let y(l) = -9*l + 2. What is the units digit of y(-2)?
0
Let r(w) = -w**3 + 7*w**2 + 3*w + 1. What is the units digit of r(7)?
2
Let y be 5 + -5 + 2*1. Suppose 4*c - 3*c = -h, 4*c + 4 = -y*h. Suppose -7 = -h*v + v. What is the units digit of v?
7
What is the units digit of 16/(2/(-3)*9/(-24))?
4
Suppose w + 1 - 4 = 0. What is the units digit of (-3)/6 - w/(-2)?
1
Suppose 0 = 5*t + 5*t - 690. What is the units digit of t?
9
Suppose -4 = -3*q - 5*y, -3*q = -8*q - 4*y + 11. Suppose i - 3 = m, 2*m - q*m + 7 = i. What is the units digit of i?
5
Let k = 11 + -11. Suppose 0*l = l - 2*t - 23, -5*l + 4*t + 145 = k. What is the units digit of l?
3
Let d = -53 + 81. What is the tens digit of d?
2
Let l(b) = b**2 - 4*b - 10. Let n(a) = -2*a**2 + 7*a + 20. Let f(i) = -5*l(i) - 2*n(i). Let u = 15 + -8. What is the units digit of f(u)?
3
Suppose -5*w + 10 = 0, -w + 24 = 2*k + 4*w. What is the units digit of k?
7
Let o be (-2)/2*(-12)/3. Suppose o*h + q = -0*q + 81, -4*q = -5*h + 96. What is the tens digit of h?
2
Suppose 2*c + v - 9 = 0, 3*v - 19 = 2*c - 4*c. Suppose -4*s + 29 = 3*m, 2*s - 7*m = -c*m - 5. What is the units digit of s?
5
Let i(c) = -c + 3. Let d = 33 + -21. Let n be (1 - 0)/((-2)/d). What is the units digit of i(n)?
9
Let m(b) = b + 7. Suppose -3*v - 5 = 10. What is the units digit of m(v)?
2
Suppose 3*n - 5*h = 47, n + 2*h - 25 = -h. What is the units digit of n?
9
What is the units digit of 2/((9/3)/63)?
2
Suppose v + 120 = 3*v. Suppose -12*p + v = -10*p. What is the tens digit of p?
3
Let f be (5/(-5))/((-2)/6). Suppose f - 10 = -2*l + 5*i, 0 